ose 26*n - 13860 = 4*n. What are the prime factors of n?
2, 3, 5, 7
Let b be (2 - (1 - -1))*25/(-50). Suppose b = -u - x + 154, 0 = u - 2*x + 4*x - 152. What are the prime factors of u?
2, 3, 13
Let t = 3102 + -1221. What are the prime factors of t?
3, 11, 19
Suppose -2*q = -7 + 3. Suppose -5*s = 11 + 14, -q*u - 5*s + 133 = 0. List the prime factors of u.
79
Let h = -14 + 20. Let o be (2/(-3))/(2/h). List the prime factors of 699/12 - o/(-8).
2, 29
Let b be (1 + 3 + -2)/(-2). List the prime factors of 64/4 + 3 + b.
2, 3
What are the prime factors of (-6)/24*8 + 235?
233
Suppose -4*w = -2*v + 18, -3*v - 13 = 3*w - 4. Let z(m) = m + 1. Let h(x) = -2*x**2 - 9*x - 3. Let l(j) = -h(j) - 4*z(j). What are the prime factors of l(w)?
11
Suppose -2*n = 3*n - 4*p - 3439, -689 = -n + 2*p. List the prime factors of n.
3, 229
Let l(u) = -u + 4. Let o be l(5). Let v = o + 6. Suppose 24 + 81 = v*f. What are the prime factors of f?
3, 7
Let d(t) = -22*t**2 - 3 - 2*t + 395*t**2 - 4*t. Let s be d(-2). List the prime factors of s/133 - 4/14.
11
Let q be (8/5)/(34/85). Suppose -5*t - q = -b + 4*b, b = 4*t + 10. List the prime factors of (11 - 1 - t) + 0.
2, 3
Suppose 52*z - 51*z = 372. Let w = -241 + z. What are the prime factors of w?
131
Let p = 4127 - 1992. What are the prime factors of p?
5, 7, 61
Let y be ((-2)/(-3))/((-18)/(-351)). Suppose y*o + 216 = 19*o. What are the prime factors of o?
2, 3
Let n = 2667 - 1835. What are the prime factors of n?
2, 13
Let k(j) = -j**2 - 11*j + 3. Let d(g) = g**2 + 21*g - 7. Let l(i) = -3*d(i) - 5*k(i). What are the prime factors of l(5)?
2
Suppose 2*g - 104 = 118. Suppose -3*w + 6*w = g. List the prime factors of w.
37
Suppose t - 3*k - 2 = -0*t, 10 = 5*t - 2*k. Let w be (-40)/(-50)*10/(-4). List the prime factors of 7/t + 1/w.
3
Let w(l) = 6*l + 3. Let g = 9 + 4. Suppose -i + 16 = 4*r, -3*r + g = i - 0. List the prime factors of w(r).
3, 7
Let z(v) = v**3 + 8*v**2 + 4*v. Let g = 16 - 22. List the prime factors of z(g).
2, 3
Let l(p) = -p. Let z be l(2). What are the prime factors of -71*((-1 - -2) + z)?
71
Suppose 46436 = -11*p + 58*p. What are the prime factors of p?
2, 13, 19
Let w(x) = -2*x - 19. Let z be w(-11). Suppose 4*d + z*f - 356 = 4*f, -5*f = -d + 70. What are the prime factors of d?
2, 3, 5
Let x = 18 - 22. Let d be (63 + (-3 - x))*1. Suppose -2*w = -d - 16. List the prime factors of w.
2, 5
Let v(d) = 12*d - 80. Let t be v(7). Let f(l) = -l**3 - 4*l**2 + 5*l + 4. Let c be f(-5). List the prime factors of 50/t*(c - 2).
5
Let k(w) = -11*w + 1. Let v be k(-14). Suppose p + v = -5*g, 2*p - 3*g = -184 - 165. Let c = p + 239. List the prime factors of c.
3, 23
Let z(t) = 24*t - 2*t - t**2 - 3*t + 16. What are the prime factors of z(11)?
2, 13
Let w(z) = -215*z + 53. List the prime factors of w(-6).
17, 79
Let y = -95 + 97. Suppose 7*u - 1620 = -y*u. What are the prime factors of u?
2, 3, 5
Let o be (-30 - -6)/(-6) + -64. Suppose 28 + 9 = -h. Let a = h - o. List the prime factors of a.
23
Let l(i) = -i**3 + 6*i**2 - 7*i. What are the prime factors of l(4)?
2
Let x = -378 - -642. Suppose 3*u = 747 - x. List the prime factors of u.
7, 23
Suppose 423 = 2*u + c, 0 = -2*u + 2*c - c + 425. Let l = u - 103. What are the prime factors of l?
109
Suppose 0 = -y - 21*y + 528. What are the prime factors of y?
2, 3
What are the prime factors of (-4 - 882)*-1 - -9?
5, 179
Let t(l) = 9*l - 3. Let c be 6/(0 - (-3)/(-2)). Let y(v) = -8*v + 4. Let k(p) = c*y(p) - 3*t(p). List the prime factors of k(5).
2, 3
Suppose q = 4*o - 316, o - 5*q - 39 = 21. What are the prime factors of o?
2, 5
Let d(w) = -6 - 3*w + 25*w**2 - 7*w**2 - 6*w**2 + w**3 - 8*w**2. What are the prime factors of d(4)?
2, 5, 11
Let r(b) = 285*b**2 - 8*b - 3. List the prime factors of r(2).
19, 59
Let l be 2*2/(-18) + (-3522)/(-54). Let s = l - -33. What are the prime factors of s?
2, 7
Let h(l) = 3*l - 13. Let f be h(8). Suppose -63 = 8*m - f*m. List the prime factors of m.
3, 7
Suppose 7*s + 4 = 60. Suppose 0 = 4*a + 3*i - s*i - 1103, -3*a + 821 = -5*i. What are the prime factors of a?
2, 3, 47
Let z = -576 - -673. List the prime factors of z.
97
Let q = -102 + 107. Suppose 0*z + 5*n = 4*z - 1007, q*z - 3*n = 1275. List the prime factors of z.
2, 3, 43
Let i(h) = h**2 + 0*h**2 + 4*h - 24*h**3 - 49*h**3 - 3*h. What are the prime factors of i(-1)?
73
Suppose 5*c = -5*g + 575, 0*g + 415 = 4*c - 5*g. What are the prime factors of c?
2, 5, 11
Suppose 2*r = 2 - 92. Let l = 181 + r. List the prime factors of l.
2, 17
Let v(q) = -18*q**3 - 14*q**2 - 14*q - 6. What are the prime factors of v(-5)?
2, 491
Let a be (-2 - 673/4) + 12/(-16). Let g = a - -301. List the prime factors of g.
2, 5, 13
Let p(c) = -330*c + 138. What are the prime factors of p(-3)?
2, 3, 47
Let k be (-9)/(-2) - (-3)/(-6). Let u = 2 + k. Let f(i) = -i**2 + 8*i - 7. What are the prime factors of f(u)?
5
Let s(l) = 172*l**2 + 11*l + 9. List the prime factors of s(-4).
11, 13, 19
Let x be 3 + (-134)/10 + 10/25. Let p(v) = -14*v - 16. What are the prime factors of p(x)?
2, 31
Let t = -637 - -1068. List the prime factors of t.
431
Let z(v) = v**3 + 5*v**2 + 944. What are the prime factors of z(0)?
2, 59
Suppose 6*d + 6 = 8*d. Suppose -3*l + 12 = d*l. Suppose -l*m + 5*m - 135 = 0. What are the prime factors of m?
3, 5
Suppose 15*f + 6 = 18*f. Suppose h + 133 = -4*i, h - f*i + 43 + 60 = 0. Let g = -68 - h. What are the prime factors of g?
3, 5
Let g = 5 - 9. What are the prime factors of -3 - (-70)/g*-2?
2
Let k(b) = -3*b**3 - b**2 + 1. Let n be k(-1). Suppose 53 + 37 = n*z. What are the prime factors of (15/(-18))/((-5)/z)?
5
Suppose 0 = -2*j + 4*j + 2. Let o = j - -2. List the prime factors of o/((-2)/(-6)) - 1.
2
Suppose 2*m + 2*i + 8705 = 7*m, 0 = 3*m - 3*i - 5232. What are the prime factors of m?
37, 47
Suppose 30*s = 42*s - 8520. List the prime factors of s.
2, 5, 71
Let l = 9 + -4. Suppose -5*s + l*p = -35, -8 = -s + 5*p + 7. Let b = 15 - s. What are the prime factors of b?
2, 5
Let x be 0*((-14)/(-4))/(-7). Let l = x - -3. Suppose -3*n + 3*v = -42, -5*n - 4 + 64 = -l*v. What are the prime factors of n?
3
Suppose -2*d = 3*f - 52, f + 0*d = 4*d + 8. Let q be (f + -4)*154/8. Suppose 3*t - q = 5*g, -5*t = -0*t - 3*g - 369. What are the prime factors of t?
2, 3
Let k(b) = b**2 + 14*b + 3. Suppose -t - t - 12 = m, 5*t - 75 = 5*m. Let q be k(m). What are the prime factors of -2 + (q - 1) - -47?
47
Let g = 4 + -13. List the prime factors of (-387)/6*6/g.
43
Let f(s) = s + 5. Let r be f(-7). Let o(m) = -m**2 - 15*m - 1. Let q(n) = n - 1. Let b(c) = r*q(c) + o(c). List the prime factors of b(-12).
61
Let x be ((-9)/(-12))/((-1)/16). Let s = x - -62. List the prime factors of s.
2, 5
Let k(z) = -6*z - 15. Let o be k(-6). Let g = o - 39. Let j = g + 84. What are the prime factors of j?
2, 3, 11
Let x be ((-1)/(-2))/((-1)/(-10)). Suppose -4*g = -x*g + 2. Suppose -2*c = 2*r - 40, 2*r - c - 25 = g*c. What are the prime factors of r?
17
What are the prime factors of (-1)/(-3 + 5046/5049*3)?
3, 11, 17
Suppose 0 = -19*g + 23588 - 7875. What are the prime factors of g?
827
Let v(a) = a**2. Let x be (4/3)/(16/(-24)). Let l be v(x). Suppose 5*o - 60 = -5*r, l*r + 62 = 8*r - 3*o. List the prime factors of r.
2, 7
Let w = 24 - 1. Let m = w + -1. Suppose 5*o - m = 4*o. List the prime factors of o.
2, 11
Suppose 0 = 3*c - f - 489, -12 = f + 3*f. What are the prime factors of c?
2, 3
Let t(b) = -3*b**3 - 6*b**2 + 6*b + 4. List the prime factors of t(-5).
199
Let c be 13296/32*2/3. Let a = -30 + c. What are the prime factors of a?
13, 19
Let y(u) = 12*u - 1. Let q be y(1). Let l(t) = -t**2 + 9*t + 26. What are the prime factors of l(q)?
2
Let n(q) = -19*q + 20. What are the prime factors of n(-8)?
2, 43
Let n be 14 + 2/2*2. Let p(x) = 4*x - 72. Let w be p(-21). What are the prime factors of (w/n)/(3/(-8))?
2, 13
Let k(x) = 43*x + 204. What are the prime factors of k(34)?
2, 7, 17
Let r(x) = -x**2 + 1. Let u be r(-1). Let q(p) be the third derivative of -p**4/24 + 10*p**3/3 + 7*p**2. What are the prime factors of q(u)?
2, 5
Suppose 0 = 93*k - 94*k + 11. Let f(u) = 11*u - 45. What are the prime factors of f(k)?
2, 19
Let p(k) = 7*k + 10*k**2 - 5 + 7*k - 4*k - k + k**3. Let o be p(-9). Let c = 21 + o. List the prime factors of c.